pose -133 = 4*l - 153. Suppose 5*o - 18 + 3 = 0, -g = -l*o - 311. What is the units digit of g?
6
Suppose 18*q - 26*q - 64 = 0. Let c(i) = 6*i**2 + 18*i - 12. What is the tens digit of c(q)?
2
Let h = -29965 - -52588. What is the ten thousands digit of h?
2
Let y(r) = -1472*r + 6. Let i be y(-6). Suppose 439*p - 477*p + 1254 = 0. What is the tens digit of (-2)/(-11) + i/p?
6
Suppose 5*j + 4*f - 20426 = 7*f, -9*j + 36746 = 5*f. What is the tens digit of j?
8
Suppose -39*o = -262167 + 93531. What is the hundreds digit of o?
3
Suppose 6*k + 578993 = 22*l + 5*k, 0 = -5*l - 2*k + 131596. What is the units digit of l?
8
Suppose 0 = -5*v + 3*x + 3442, 2042 = -3*v + 6*v + 4*x. Suppose 3*n - v = -y, -2*y + n = -875 - 511. What is the tens digit of y?
9
Suppose -3*b + 156 = -3*s + 4*s, 3*b + 726 = 5*s. Suppose v = -0*v + s. Suppose -5*i = t - v, -111 + 24 = -3*i - t. What is the units digit of i?
0
Suppose 862*b - 858*b - 2*t - 200890 = 0, 3*b - 150663 = 3*t. What is the units digit of b?
4
Suppose 4*c = r + 1180, -5*c + 872 = -2*c - 4*r. Suppose -3*x = p - 588 - 330, 3*p + c = x. What is the hundreds digit of x?
3
Let j(p) = -p**2 + 14*p - 7. Let u(i) = 4*i - 33. Let g be u(12). Let y be j(g). What is the tens digit of 4/y + 1770/55?
3
Let b(v) = 5*v**2 - 9*v + 14. Let i be 24/10*(-150)/12. Let w = i - -36. What is the hundreds digit of b(w)?
1
Let h(c) = -29*c - 17*c - 17 - 100 + 55 + 10*c. What is the tens digit of h(-21)?
9
Suppose -l - y + 4*y = -81, 0 = -5*l + 2*y + 353. Let z be 13 - l - ((1 - 4) + 1). Let f = 101 + z. What is the tens digit of f?
4
Let t = -40140 + 68474. What is the thousands digit of t?
8
Suppose 154 = 56*f - 49*f. Suppose 21*y + 524 = f*y. What is the hundreds digit of y?
5
Suppose -498*q + 9586865 = -17831023. What is the hundreds digit of q?
0
Let s = 76110 - 49828. What is the units digit of s?
2
What is the tens digit of 12/14 + (-3533044)/(-469)?
3
Suppose 49773 = -70*t + 1702122 + 887951. What is the hundreds digit of t?
2
Let q be -2 + (7 - 5) + 9. What is the thousands digit of (-105742)/(-78) - 6/q?
1
Suppose a - 6*a + 45 = 0. Suppose -6*w = a*w - 15465. What is the units digit of w?
1
Let k = 164 - 351. Let t = k + 484. What is the units digit of t?
7
Suppose 22738 = 6*c + 2*k, k = 2*c - 3*k - 7598. What is the units digit of c?
1
Suppose 0 = 4*u + 5*b - 104053, -3*u - 5*b + 57065 = -20966. What is the ten thousands digit of u?
2
Let g be ((-10)/(-2) + 45)*1. Let y = g - 62. What is the units digit of ((-8)/y)/((-6)/(-783))?
7
Let o = -254 - -265. Let b = 75 - o. What is the units digit of b?
4
Suppose 43*y - 168 = 39*y. What is the hundreds digit of (-12)/y - (-75620)/70?
0
Let d = 33270 + -23508. What is the hundreds digit of d?
7
Suppose 6 + 4 = 2*p. Suppose 0 = p*d + 290 - 1010. What is the units digit of d?
4
Let z(x) = x**2 + x. Suppose -8 = -2*r - 4*j, 9*j - 4*j = -5*r. Let v(w) = -10*w**2 - 7*w + 2. Let l(s) = r*z(s) - v(s). What is the units digit of l(-3)?
3
Suppose -3*j + 704 = 2*v - 7*j, -j = -4*v + 1415. Let x be (-4)/(-48)*4*6. Suppose 4*o - v = -x*o. What is the units digit of o?
9
Let x = 19777 - 15357. What is the units digit of x?
0
Suppose 24 = x + 3. Let y = 339 + x. What is the units digit of y?
0
Let x(a) = -5*a**2 - 13*a - 5. Let t be x(-6). Let m = t + 113. What is the tens digit of (129/m)/(2/20)?
1
Suppose 5*q - 1311 - 690 = 4*a, -5*a - 4*q = 2491. Let y = a + 1548. What is the thousands digit of y?
1
Let f(w) = w**3 - 7*w**2 + 17*w - 10. What is the hundreds digit of f(16)?
5
Suppose 2*q - 86*g = -82*g + 12892, 0 = 3*q - g - 19343. What is the hundreds digit of q?
4
Suppose 0 = -4*b + 2*d + 8, 5*b = -7*d + 4*d + 10. Suppose 4*m = -b*a + 2368, -2*a + m = -2224 - 149. What is the units digit of a?
6
Let s = 154 - 111. Suppose -2*v + s = -119. What is the units digit of v?
1
What is the ten thousands digit of (-10172952)/(-540) + 1/5?
1
Let a(u) = 2*u + 6. Let l be a(-3). Let t(x) = 2*x**2 - 65. Let o(s) = -3*s**2 + 97. Let n(k) = 5*o(k) + 7*t(k). What is the units digit of n(l)?
0
Let q be 32/(1 + -6 - (-6 + -1)). Suppose f + 14*l - q*l - 430 = 0, -l + 424 = f. What is the hundreds digit of f?
4
Let w = 52657 - 42620. What is the hundreds digit of w?
0
Let z(s) = 9*s - 1. Let r(u) = u**2 - 2. Let k be r(2). Let b be z(k). What is the units digit of -2 + b - (-9)/(-3)?
2
Let c = 272 + -269. Suppose -6*i + 10*i = -c*t + 5709, 4*i - 1903 = -t. What is the units digit of t?
3
Suppose 3*o = -4*r + 11, -6 = -3*r - 4*o + o. Suppose -r*c + 604 = -551. What is the tens digit of c?
3
Let y = -28 + 34. Suppose 10*n - y*n = 0. Suppose n = 4*v + 45 - 293. What is the units digit of v?
2
Let v be 14/(-4) + 2 - 16790/(-92). Let a = 303 - v. What is the tens digit of a?
2
What is the ten thousands digit of (-27687880)/(-1980) + (-4)/(-18)?
1
Let q be ((-21)/(-14))/(1/894). Let t = -859 + q. Suppose -4*x = 4*v - 360, -7*x = -2*x - 3*v - t. What is the units digit of x?
4
Let n = -33 - -39. Let g be n - 6 - (15 + 0). What is the units digit of ((-306)/g)/((-6)/(-20))?
8
Let y(o) = -35*o - 5. Suppose 0 = -2*s - 3*b + 11, 0*s - 2*b + 10 = 4*s. Let q be -1*(1 + 1/s). What is the units digit of y(q)?
5
Suppose -2*h = 4*m + 86, -5*h - 2*m - 197 = -m. Let j = h - -72. What is the units digit of (-294)/5*(-110)/j?
6
Suppose -3*j + 4*j - m = -3, 0 = -2*m - 10. What is the units digit of (564/j)/(9/(-24))?
8
Suppose 5339*b + 2455728 = 5387*b. What is the hundreds digit of b?
1
What is the thousands digit of (3 - (-3)/(-12))/((-4)/(-4848))?
3
Suppose 3*u = -3*b + 30, 2*b = -b + u + 10. Let w(f) = -30*f**2 + 36. Let n(l) = -l**2 + 1. Let x(t) = b*w(t) - 180*n(t). What is the units digit of x(1)?
0
Let r = 3625 - 1096. Suppose -4*p - 5*p = -r. What is the tens digit of p?
8
Let a = -326 - -308. What is the tens digit of 1055 - -5*a/(-15)?
6
Suppose 19*y = 24*y - 50. Suppose 6*o = y*o - 40. What is the units digit of o?
0
Suppose 4*u - 2*p - 12 = 0, -6*u + u = p - 8. Suppose 8*l = -u*l + 4650. What is the hundreds digit of l?
4
What is the thousands digit of (-76152)/(-6) + 16 - 16?
2
Suppose -6*o = 2*o + 24. Let s be o - (-15 - (-10 - -5)). What is the tens digit of 404/s + 10/35 + -3?
5
What is the tens digit of (-366990)/(-60)*(-1 - -3)?
3
Let l(y) = 2*y + 3 + y - 8 - 13. Let n be l(8). What is the hundreds digit of (n*(-2)/8)/(1/(-74))?
1
Let h = -30 + 35. Suppose 0 = 2*r - 3*r + h. Suppose 6 = -3*c, -106 = -v - r*c + 2*c. What is the tens digit of v?
1
Let k(r) = -14*r - 46. Suppose 0 = -3*c, -5*a + 2*c - 62 = 58. Let y = -35 - a. What is the hundreds digit of k(y)?
1
Let w(y) = -5*y - 3. Let k be w(-4). Suppose 15 = -m + k. Suppose 0 = m*l + 5*f - 289, -3*f + 475 = 4*l - 68. What is the units digit of l?
2
What is the tens digit of 12/(96/168 - (-36185)/(-63350))?
8
Suppose 0 = -141*n + 130*n + 88. Let w(q) be the third derivative of q**5/20 + q**4/24 - 3*q**3/2 + q**2. What is the units digit of w(n)?
1
Suppose -38*h = -43*h + 2805. Suppose 1679 + h = 5*l. What is the units digit of l?
8
Let p = 284 - 218. Let l = p + 193. What is the units digit of l?
9
Let f(n) = -49*n + 54. Let v be f(7). Let x = v + 655. What is the tens digit of x?
6
Let z(d) = 9*d**2 - 3*d + 8. Suppose -6 + 3 = -u. Suppose 3*w - 2*f - 12 = f, u*f = 5*w - 18. What is the units digit of z(w)?
0
Let h be (-3)/(3/845)*(-8)/(-20). Let m = h + 613. What is the hundreds digit of m?
2
Let x be -2 - 0 - (-572)/2. Let j(y) = 16*y**2 + 51*y + 14. Let t be j(-6). Suppose 2*g - k = -6*k + x, -4*k = -2*g + t. What is the units digit of g?
2
Suppose -45461 = 35*b - 237191. What is the units digit of b?
8
Suppose 0 = -3*j + 3*w + 230817, 5*j + 5*w - 435990 + 51275 = 0. What is the thousands digit of j?
6
Let c(s) be the second derivative of s**5/20 - s**4/3 - 3*s**3/2 + 9*s**2 + 18*s - 4. What is the units digit of c(8)?
2
Suppose -i = 3*v + 314, -681 = 4*i + 2*v + 615. Let w = i + 571. What is the tens digit of w?
4
Suppose -15*z = -9*z. Suppose 0 = -5*t + 4*t - 3*a + 314, z = -t - 5*a + 324. What is the units digit of t?
9
Let a(d) = d**3 + 12*d**2 - 2*d + 4. Let i(g) = -2*g**3 - 35*g**2 + 6*g - 12. Let n(m) = 17*a(m) + 6*i(m). What is the units digit of n(4)?
8
Suppose 49*j = 52*j - 6. Suppose 911 = -j*n + 1403. What is the tens digit of n?
4
Suppose